t i(w) = -w**2 + 5*w + 5. Let p be i(7). Let m = g - p. What is the units digit of m?
1
Let i(b) be the second derivative of -4*b**3/3 - 6*b**2 + 33*b. What is the units digit of i(-26)?
6
What is the tens digit of 462 + (-1 - (6 - 3))?
5
Let z be -2*(-3 + 2) - -1. Suppose 5*k = 5*j + z + 7, j + k - 6 = 0. Suppose -10 - 50 = -j*c. What is the units digit of c?
0
Suppose -125 = -3*m + 193. Suppose -2*n = -0*n + 2*p - m, -3*n = p - 169. What is the tens digit of n?
5
Let p(y) = -y**3 + 5*y**2 - 4*y. Let g be p(4). Let b(n) = -n**2 - n + 3. What is the units digit of b(g)?
3
Let t = 1983 - 1091. What is the tens digit of t?
9
Let x be (-6)/(-10)*(2 + 23). Let l = -12 + x. Let g(b) = 2*b**2 + 2*b. What is the units digit of g(l)?
4
Let m(b) = -b**3 - 15*b**2 + 16*b - 1. Let i be m(-16). Suppose 3*k - 39 = -3*c, c - 5 = -4*k - k. What is the tens digit of (-3)/(i*c/130)?
2
Let o(t) = t**3 + 5*t**2 - t - 2. Let r be o(-5). Let a(s) = 3*s - r - s + 4*s**2 + 2*s. What is the units digit of a(-3)?
1
Let c(p) be the first derivative of p**4/4 + 11*p**3/3 - p**2 + 5*p - 6. Suppose 0 = k - 2*a + 7, 0*k + a - 9 = k. What is the units digit of c(k)?
7
Let r be (-1)/(-4 + 23/6). Suppose 4*k - 6 - r = 0. What is the units digit of k - (-138)/(2 - -1)?
9
Let k(l) = l**2 - 10*l + 26. Let x be k(6). Suppose 2*j = 2*y - 244, 0 = x*y - 2*j - 3*j - 247. What is the units digit of y?
1
Suppose 3*w = 19 + 8. Let b(o) = o**3 - 7*o**2 + 10*o + 20. What is the hundreds digit of b(w)?
2
Suppose -5*d = v - 9479, 3*d + 0*d = -5*v + 5705. What is the thousands digit of d?
1
Let k = -4560 - -7423. What is the tens digit of k?
6
Let z(o) = -6*o**3 - 11*o**2 - 19*o + 8. What is the hundreds digit of z(-4)?
2
Let o(r) = r + 7. Let y be o(-5). What is the tens digit of y/(-18)*-2 + (-642)/(-27)?
2
Let m(q) = -262*q - 228. What is the hundreds digit of m(-13)?
1
Let g(d) = d**2 + 9*d + 1. Let m be g(-8). Let p be -3 + (3 + -7 - m). Suppose 4*a + p = -h + 26, -5*h + 3*a = -176. What is the tens digit of h?
3
What is the units digit of ((-1)/(-3))/((-6)/(-375228)*7)?
8
Let g be 50/40 - (-678)/8. Let z = -42 + g. What is the tens digit of z?
4
Let g be 15*(-2 + 0/7). Suppose z + 4*b + 40 = 0, 5*z - 2*z = 4*b - 104. What is the tens digit of (z/24)/(1/g)?
4
Let g(t) = -1 - t - t**2 + 8*t**2 - 6 - 8*t**2 + t**3. Let p be g(3). Suppose 2*q = 28 - p. What is the tens digit of q?
1
Suppose -4 + 1 = -k. Let q = k - -7. What is the units digit of 2/q - 312/(-15)?
1
Let b = -609 + 2503. What is the hundreds digit of b?
8
Let m be (-434)/(-3) + (-2)/(-6). Suppose 0 = -70*d + 75*d + 400. Let a = d + m. What is the tens digit of a?
6
Let d be 4*(-4)/8*2. Let z = d - -7. Suppose h - 18 = 2*b, 4*b = -z*h - b + 32. What is the units digit of h?
4
Let u = 3 - 55. Let a = 81 - u. What is the hundreds digit of a?
1
Let p = 650 + 81. What is the units digit of p?
1
Let m = 124 - 112. Suppose m*n - 468 = 1572. What is the tens digit of n?
7
Suppose 10*f - 18335 - 25995 = 0. What is the thousands digit of f?
4
Let u(g) = 15*g**3 + 4*g**2 - 21. What is the units digit of u(4)?
3
Let w = 39 + -33. What is the units digit of (-18)/(7/((-63)/w))?
7
Suppose -5*d + 3*y = -775, 4*d - 638 = y - 18. Suppose o = -0*o + d. What is the units digit of o?
5
Let b be 92 - -3*2/(-3). Let q be b/12*28/(-6). What is the tens digit of 15/(-6)*266/q?
1
Let b(v) be the first derivative of -v**4/4 - v**3 + v**2/2 + 2*v - 4. Let l be b(-4). What is the tens digit of ((-1)/(-2) + 1)*l?
2
Let k = -275 - -774. What is the hundreds digit of k?
4
Let u = -76 + 52. Let z = -5 - u. What is the units digit of z?
9
Suppose f - 287 = -3*x, 861 = f + 2*f + x. What is the hundreds digit of f?
2
Let k = 46 + -47. Let p(s) = -40*s**3 - 2*s**2 - 2*s - 1. What is the units digit of p(k)?
9
Suppose -4*q + 3*q - 5*i = 0, 4*q + 5*i = -60. Let x = q + 23. Suppose -x*k + 92 = k. What is the units digit of k?
3
Suppose 0 = -5*k - 0*k - 5, 4*v - 5*k = 93. Suppose 25 - v = u. What is the units digit of 10/1*(u + -1)?
0
Let r(o) = 50*o - 93. What is the tens digit of r(23)?
5
Suppose -4*i - 171 = -5*c, -6 = 5*c - 1. Let l = 161 + i. What is the hundreds digit of l?
1
What is the tens digit of (-11)/(-44) - (-1887)/4?
7
Suppose 7*l - 4*l + 12 = 0. Let x be -35 - (-2)/(l/6). Let h = -11 - x. What is the tens digit of h?
2
Let w(p) = 2*p**3 - 21*p**2 + 27*p + 5. Let n be w(9). Suppose -x = -o - 3*o - 106, -n*x = -2*o - 602. What is the tens digit of x?
2
Suppose d - 105 = x - 2*x, 4*d + 396 = 4*x. Suppose 3*k = -p + x, -2*p - 2*p + 438 = -3*k. What is the units digit of p?
8
Let k = -44 + 14. Suppose -5*o - 4*a - 69 = 0, 4*a + 0 + 1 = -o. Let s = o - k. What is the tens digit of s?
1
Let l = -2273 - -1097. What is the tens digit of 2/10 + l/(-20)?
5
Suppose 0 = 25*r - 21*r - 1996. What is the units digit of r?
9
Let t = 422 + -160. Let x = t + -86. What is the hundreds digit of x?
1
Suppose -4*h + 2*h + 152 = 0. Suppose -r - 16 = -2*r - x, -4*x + h = 5*r. Suppose r = 4*f - 32. What is the units digit of f?
1
Let p = 1383 + 41. What is the tens digit of p?
2
Let i = -12 - -8. What is the units digit of 2 + (i - (4 + -69))?
3
Let x(i) = -2*i**3 - 14*i**2 - 3*i + 64. What is the thousands digit of x(-12)?
1
Let h(y) = -15*y + 1. Let a be h(-1). Let f = a + -20. Let c = 23 - f. What is the units digit of c?
7
Suppose 19*c - 55213 + 9898 = 0. What is the hundreds digit of c?
3
Let m = -74 + 129. What is the tens digit of m?
5
Suppose -5*f = 31 - 1. Let k be (-1491)/63 + (-4)/f. Let a = k + 40. What is the units digit of a?
7
Let f be 0/3 + -1 - 25. Let s = -12 - f. Suppose -7*n = -s*n + 112. What is the tens digit of n?
1
Let l(a) = a**2 - 5*a - 15. Let j be l(14). What is the tens digit of 1/2*(j + -13)?
4
Suppose 0 = -6*r - 6 - 54. Let o(d) = -6*d - 5. What is the units digit of o(r)?
5
Let r be 8/18 - ((-3025)/99 - 8). Let m be (-27)/(-6)*10/(-3). Let c = r - m. What is the tens digit of c?
5
Let o(d) be the first derivative of -d**2/2 + 45*d + 4. Let f be o(0). Suppose 5*m - 60 = 4*s, -4*m = m - s - f. What is the units digit of m?
8
Suppose c = 26*c - 13575. What is the tens digit of c?
4
Suppose 3*z = -8 - 13. What is the units digit of (-795)/(-18) - z/(-42)?
4
Let b be 3/5 - 134/(-10). Suppose i + 56 = -4*v, -3*i - b = 2*v + i. Let z = 26 + v. What is the tens digit of z?
1
Suppose -6*d + d + 4*s = -850, -4*s = -d + 186. Suppose 0*v - 151 = -3*v + f, 2*f = -3*v + d. Suppose 0*r - 4*r + v = 0. What is the units digit of r?
3
Let y = -17 - -18. Let s be 0 - 3 - (y + -4). Suppose -4*d = 16, s*f + 3*f - 3*d = 87. What is the tens digit of f?
2
Suppose 0 = -3*d - 4*l + 456 + 853, -2*l = 3*d - 1319. What is the hundreds digit of d?
4
What is the tens digit of (41960/(-4))/5*(-6)/12?
4
Let u be 4 + -3 + -3 - -6. Suppose -u*c + 4 = -0*c. What is the units digit of c?
1
Suppose 0 = -4*v + 1 - 9. Let l = -6 - v. What is the units digit of (6/l)/(2/(-12))?
9
Let i(y) = -4*y**2 - 5*y - 23. Let b(r) = -r + 4. Let t be b(2). Let k(m) = 2*m**2 + 2*m + 12. Let d(z) = t*i(z) + 5*k(z). What is the units digit of d(0)?
4
Let q(i) = i**2 - 2*i + 3. Let j be q(3). Let r(u) = 3*u**2 - 4*u - 5. What is the tens digit of r(j)?
7
Suppose 6*c = 9*c - 9. Suppose 24 = c*b - 6*b. What is the tens digit of (12 - b)*1/2?
1
Suppose 556 + 554 = 2*h. What is the units digit of h?
5
Let n(f) = 3*f**3 - 1. Let x be n(-1). What is the tens digit of x - (-278 - 2)/5?
5
Let i = -58 - -32. Let f = i + 66. Let r = f - 28. What is the tens digit of r?
1
Suppose -13*m + 3852 = -10*m. What is the units digit of m?
4
Suppose 4*m - 3138 - 846 = 4*u, 4*u = -4. What is the hundreds digit of m?
9
Suppose 5*t - 3*c + 17 = 0, 6*t = 2*t - c. Suppose -3*w + r = -6, 3*w = -5*r + 4*r + 6. What is the tens digit of 539/22 + t/w?
2
What is the hundreds digit of (-3)/(-2)*153668/123?
8
Suppose 4*p - 5*p + 2 = 0. Let f be 9/(p + 1) + 3. What is the units digit of 16/f*(-6)/(-2)?
8
Suppose 0*m = m + 3*z - 25, 5*m - 55 = -z. Suppose f = m + 13. Let b = f + 19. What is the tens digit of b?
4
Let i(w) = 3*w**2 - 18*w + 21. Let y be 22/(-99) + (-101)/(-9). What is the tens digit of i(y)?
8
Suppose -h = -2*b + 116 + 101, 0 = 2*b + 2*h - 202. Suppose 7*g = b + 223. What is the tens digit of g?
4
Let p = -18 -